11
In base 11, what is 3 - -99?
a1
In base 8, what is 0 - 1463?
-1463
In base 16, what is -a - e?
-18
In base 3, what is 22102 - 0?
22102
In base 4, what is 311133 + 2?
311201
In base 2, what is -100001101 + -100?
-100010001
In base 5, what is 11 - 102?
-41
In base 7, what is -1426 - -2?
-1424
In base 2, what is -100011101 - 0?
-100011101
In base 7, what is 2 + 243?
245
In base 15, what is -5 + 46?
41
In base 7, what is 124 - 2?
122
In base 15, what is 1 + 1c1?
1c2
In base 14, what is 4 + d?
13
In base 14, what is -1 - -580?
57d
In base 13, what is 6 - -14?
1a
In base 10, what is 4 + -50?
-46
In base 3, what is 1020 + -1012?
1
In base 8, what is 5 - 371?
-364
In base 3, what is -11211122 - -10?
-11211112
In base 8, what is -3 + 44?
41
In base 3, what is 2102 - 212?
1120
In base 10, what is -344 - -5?
-339
In base 11, what is 0 - -619?
619
In base 3, what is -22201 + 200?
-22001
In base 3, what is -1020 + -111?
-1201
In base 15, what is 106d - 5?
1068
In base 14, what is 20 + 2d?
4d
In base 13, what is 10 - 5a?
-4a
In base 8, what is 325 + -42?
263
In base 8, what is -3 + 23?
20
In base 16, what is 28 + -56?
-2e
In base 12, what is -4 - 18?
-20
In base 13, what is 3b8 - 3?
3b5
In base 7, what is -13 + 25?
12
In base 14, what is -1 - 150?
-151
In base 10, what is -5 - -58?
53
In base 9, what is -5 + 101?
85
In base 11, what is -64 + 3?
-61
In base 16, what is -16 + ef?
d9
In base 15, what is 4 - 4e6?
-4e2
In base 7, what is 4 - 3215?
-3211
In base 2, what is 1 + -111110?
-111101
In base 14, what is 44 - -2?
46
In base 11, what is -133 + 144?
11
In base 3, what is 122000 + 212?
122212
In base 10, what is 10 + 26?
36
In base 7, what is 41 + -453?
-412
In base 3, what is 1000 - -11?
1011
In base 5, what is -2 - -243?
241
In base 12, what is 4 - 9a8?
-9a4
In base 6, what is -1 - -1235?
1234
In base 4, what is 301 + -213?
22
In base 2, what is 100 - -11101110?
11110010
In base 13, what is -a62 + -4?
-a66
In base 9, what is -174 + 0?
-174
In base 9, what is 148 + -1?
147
In base 13, what is 23 - -3?
26
In base 4, what is -10 - -20?
10
In base 10, what is 3 - 183?
-180
In base 3, what is -1 - -11210?
11202
In base 12, what is -4 + b?
7
In base 13, what is 6 + -6?
0
In base 14, what is -1 - aa?
-ab
In base 12, what is 56 + a?
64
In base 7, what is 4 - 1036?
-1032
In base 9, what is -81 + 4?
-76
In base 13, what is -15 + 2b?
16
In base 2, what is -11 - -100000001000?
100000000101
In base 16, what is -5 + -17?
-1c
In base 11, what is 27 - -7?
33
In base 2, what is -10 + -1111100111?
-1111101001
In base 15, what is 9 + 51?
5a
In base 10, what is -2 + -25?
-27
In base 12, what is 2 - -134a?
1350
In base 12, what is -8120 - -3?
-8119
In base 5, what is 2 + 3401?
3403
In base 15, what is 1 + -33?
-32
In base 5, what is 12 - 21?
-4
In base 4, what is -22 + -1233?
-1321
In base 2, what is -1000010100100 - 11?
-1000010100111
In base 8, what is -73 + 37?
-34
In base 3, what is 11 - 221?
-210
In base 15, what is -4 + -4b?
-50
In base 9, what is -1087 - 2?
-1100
In base 8, what is -72 + 4?
-66
In base 6, what is 4 - 320?
-312
In base 14, what is -74 - -6?
-6c
In base 14, what is 163 - 5?
15c
In base 9, what is -3232 - -6?
-3225
In base 11, what is -3 - a5?
-a8
In base 14, what is -555 + 6?
-54d
In base 4, what is -3022 + -10?
-3032
In base 2, what is 1 + 1110?
1111
In base 13, what is 4 + -6a2?
-69b
In base 13, what is b - -43?
51
In base 11, what is -215 - 5?
-21a
In base 13, what is -852 + -5?
-857
In base 14, what is -6a + -11?
-7b
In base 12, what is -341 - -4?
-339
In base 9, what is -13312 - 5?
-13317
In base 16, what is -d + 38?
2b
In base 4, what is 301 - 210?
31
In base 8, what is 271 + -12?
257
In base 11, what is -3581 + -5?
-3586
In base 6, what is -121141 - 0?
-121141
In base 13, what is 1 + 16c?
170
In base 2, what is -11 + -10111?
-11010
In base 10, what is 5 - -165?
170
In base 10, what is 164 - 13?
151
In base 13, what is 1 + 2?
3
In base 10, what is -661 - 1?
-662
In base 4, what is -12 + 302?
230
In base 7, what is 11 + 10?
21
In base 8, what is 3 - 116?
-113
In base 13, what is 253 - 5?
24b
In base 7, what is -246 - 23?
-302
In base 7, what is -445 - 3?
-451
In base 5, what is 13 + -14111?
-14043
In base 7, what is -4023 - -4?
-4016
In base 8, what is -4 + -1533?
-1537
In base 2, what is 11100 - -10?
11110
In base 9, what is 2455 - 0?
2455
In base 11, what is -234 + -4?
-238
In base 5, what is -101 - 0?
-101
In base 10, what is 384 - 39?
345
In base 14, what is -2 + 119?
117
In base 10, what is -2 + -61?
-63
In base 4, what is 10212 + -11?
10201
In base 5, what is 3 + 313?
321
In base 6, what is 22 + 224?
250
In base 15, what is 21 - -8b?
ac
In base 3, what is -10 + 20?
10
In base 2, what is 1001011110 - 11101?
1001000001
In base 5, what is -4 + -241?
-300
In base 7, what is -350 - 3?
-353
In base 10, what is 1 + -163?
-162
In base 3, what is 11 + -11212200?
-11212112
In base 12, what is 45a - -3?
461
In base 16, what is 5 - -24d?
252
In base 8, what is 2 - 126?
-124
In base 12, what is 5b0 + -5?
5a7
In base 15, what is 4 - -2b4?
2b8
In base 3, what is 1 - 2100022?
-2100021
In base 6, what is 3 - -131?
134
In base 12, what is 19 + 9?
26
In base 5, what is 141 + -3?
133
In base 2, what is -101 - -10111011?
10110110
In base 12, what is 38 - 1?
37
In base 11, what is 3 - -66?
69
In base 4, what is 22 + -123?
-101
In base 9, what is -2 - -6?
4
In base 12, what is 588 - -2?
58a
In base 13, what is 5a - 6?
54
In base 4, what is -11 + -21032?
-21103
In base 16, what is -d8 - -26?
-b2
In base 6, what is -22 - -2243?
2221
In base 8, what is -1 - 11?
-12
In base 10, what is 3 - -153?
156
In base 9, what is 6 + -528?
-522
In base 10, what is -299 + -3?
-302
In base 7, what is 0 + -21?
-21
In base 14, what is 1b4 - 3?
1b1
In base 10, what is -2 + 5493?
5491
In base 12, what is 4b + 1?
50
In base 16, what is 5 + c3?
c8
In base 14, what is -39 + -6?
-41
In base 15, what is d - -486?
494
In base 7, what is 26 - 1223?
-1164
In base 5, what is 43003 + -2?
43001
In base 12, what is 7 - 3a?
-33
In base 12, what is -3 + -10?
-13
In base 13, what is 43c4 - 3?
43c1
In base 11, what is -8 + 117?
10a
In base 2, what is -101 + 10000101001?
10000100100
In base 16, what is 3 + 77a?
77d
In base 4, what is -1103 - 11?
-1120
In base 6, what is -23 + -23?
-50
In base 3, what is 1210 - 112?
1021
In base 12, what is 9 + -28?
-1b
In base 3, what is -11 - 12100?
-12111
In base 8, what is 402 + 21?
423
In base 6, what is 21 + -444?
-423
In base 15, what is 2 + -43?
-41
In base 7, what is -616 - 0?
-616
In base 5, what is 2011 + 0?
2011
In base 3, what is -11 + -2220?
-10001
In base 14, what is -3 + -2a?
-2d
In base 16, what is a - -a?
14
In base 15, what is 59e + -2?
59c
In base 6, what is -21 + 10342?
10321
In base 10, what is -11 - 19?
-30
In base 15, what is -28 + 0?
-28
In base 13, what is -1 - 24a?
-24b
In base 5, what is 1 - 31?
-30
In base 4, what is -103 + 123?
20
In base 2, what is -10 - -10011?
10001
In base 14, what is 5 - 3d?
-38
In base 12, what is -4 + -796?
-79a
In base 15, what is -97 + -2?
-99
In base 2, what is -11 + -1101011001101?
-1101011010000
In base 12, what is 1774 + 1?
1775
In base 11, what is 9 + 10?
19
In base 11, what is 87a - -5?
884
In base 5, what is 0 - -11?
11
In base 3, what is -22 - 20?
-112
In base 13, what is 52 - 24?
2b
In base 10, what is -60 + 44?
-16
In base 9, what is -2 - -43?
41
In base 13, what is -18c1 - 5?
-18c6
In base 6, what is -132 - -5?
-123
In base 3, what is 1101 + 22?
1200
In base 5, what is 4 - -1444?
2003
In base 6, what is -1322 - -5?
-1313
In base 9, what is -1228 - -1?
-1227
In base 9, what is -572 - -1?
-571
In base 7, what is 14 - 31?
-14
In base 9, what is 4 + -45?
-41
In base 12, what is -27 + 23?
-4
In base 6, what is -3 + -21453?
-21500
In base 3, what is -222002 + -2?
-222011
In base 4, what is -3 + 1010322?
1010313
In base 4, what is 102 - -12?
120
In base 16, what is 3 + -12?
-f
In base 5, what is -1 + 4004?
4003
In base 15, what is -1038 + 5?
-1033
In base 2, what is 11010 - 1110010?
-1011000
In base 12, what is -2 - -33?
31
In base 15, what is -4 + 6a9?
6a5
In base 9, what is -204 + 2?
-202
In base 8, what is 4 + -137?
-133
In base 15, what is -4d0 - -9?
-4c6
In base 10, what is 16 + 31?
47
In base 16, wh